r - 34 - 289. Suppose u - r = -2*z + 344, -u = -z + 188. What are the prime factors of z?
3, 61
Suppose 0 = 6*c - 0 + 114. Let q be (-16)/(-2) + (c - -19). List the prime factors of ((-432)/9)/((-6)/q).
2
Let d = -18876 - -47738. List the prime factors of d.
2, 14431
Suppose 0 = 1399*b - 1278*b - 3352547. List the prime factors of b.
103, 269
Let g be -3 + 6/3*2. Let k be (-2)/(0 + g/(-2)). Suppose 0*c = k*c - 108. What are the prime factors of c?
3
Let k be (-71636)/(-10) + -1 - 172/(-430). Suppose 11*r - 4860 - k = 0. List the prime factors of r.
1093
Let v(f) = -f**3 + 10*f**2 + 13*f - 5. Let m(t) = -t**3 + 19*t**2 - 18*t + 21. Let z be m(18). Let l = z + -10. What are the prime factors of v(l)?
17
Let b(i) = i**2 - 2*i + 7. Let y be b(3). Suppose 5*q + y = 4*q. Let o(c) = -2*c + 9. What are the prime factors of o(q)?
29
Suppose -23*m = -14*m - 60811 + 9214. List the prime factors of m.
3, 7, 13
Let i(n) be the first derivative of -569*n**4/4 + 2*n**3 - 81. List the prime factors of i(-1).
5, 23
Suppose -11*y = -2*y + 54. Let r be ((-13)/39)/(1/y). Suppose 0 = 13*q - r*q - 374. List the prime factors of q.
2, 17
What are the prime factors of (-2)/(-23) - (-3 - 2735667/253)?
2, 13
Suppose 497 = z - 4*i, -874 = -3*z + 4*i + 617. Let o = 916 + z. List the prime factors of o.
3, 157
Let s = 108 - 83. Let u = s + 150. Suppose 0 = -180*l + u*l + 60. List the prime factors of l.
2, 3
Let u(s) = 66*s**3 - 13*s**2 + 48*s - 23. List the prime factors of u(5).
2, 3, 23, 59
Suppose 5*z - 35 = -25, 28*w - 85992 = -2*z. What are the prime factors of w?
37, 83
Let q(s) = 188*s + 1641. List the prime factors of q(64).
11, 113
Let o = 30814 - 8723. What are the prime factors of o?
22091
Suppose 7*s = 5*s - 4*y, 0 = -3*s - 4*y + 2. Let g(m) = 28*m**2 - 9*m**2 - 6*m**s + 25 - 14*m**2 - 17*m. What are the prime factors of g(-18)?
7
Suppose 2*s = -3*q + 15324, 3*s + q - 22988 = -3*q. List the prime factors of s.
2, 3, 71
Let a(f) = 1445*f - 781. What are the prime factors of a(8)?
3, 3593
Let w = 1160 - 2203. Let y = 1621 + w. List the prime factors of y.
2, 17
Let i be 1/(-2)*2 + (5 - 344). Let f = 271 - i. What are the prime factors of f?
13, 47
Let i be (7 - 3)/4 + -8 - -7. Suppose p + 1 = -m, 4 = -2*p - 3*m - 2. Suppose 2*y + 2*y - 11 = -b, i = -p*y - 15. What are the prime factors of b?
31
Suppose -n = -5, -2*n = -3*t - 5 - 5. List the prime factors of (-832)/(-12)*(6 + t).
2, 13
Suppose 2*g - 2*c + 14 = 0, 2*g + 4*c - 3 - 1 = 0. List the prime factors of ((-9295)/(-10))/11 - (-6)/g.
83
Suppose 0 = 4*d + n - 188 - 1981, -4*d + 2139 = -5*n. Let b = d + -189. Suppose 10*s = 6*s + b. What are the prime factors of s?
2, 11
Let u = 347 + 9438. List the prime factors of u.
5, 19, 103
Let m = -9242 - -41437. List the prime factors of m.
5, 47, 137
Suppose 235 = 4*u + 2*s + 213, 0 = 3*u - s + 6. Let i(d) = -154*d + 2. Let y be i(-2). What are the prime factors of (2 + -2 - u) + y?
3, 103
Let r = 52 - 1442. Let x = 2022 + r. List the prime factors of x.
2, 79
Let g(i) = 2*i**2 + 6*i. Let h be (-4)/2*(-8)/16*3. Let r be g(h). Suppose -r*w + 423 = -33*w. What are the prime factors of w?
3, 47
Suppose -22*x - 463185 = -49*x. Suppose 21*u - 13358 = x. What are the prime factors of u?
1453
What are the prime factors of (-43656)/(-8) - (13 - 23)?
7, 11, 71
Let n(y) = -87*y + 8. Let p be (-2)/(2/(-1))*30/10. Suppose -2 = -3*j - 2*d + p, -8 = -2*d. What are the prime factors of n(j)?
5, 19
Suppose -3*i = -3*s - 2801 - 1285, 4*s = 5*i - 5450. Let f be s/(-16) - (-1 + 1)/1. What are the prime factors of -4 + (f - (-4 - -5))?
2, 5
Let x be 1/(((-27)/12 + 2)*2). Let n be (-3 - x) + 236 + -1 + -1. Let p = n + -126. List the prime factors of p.
107
Suppose 4*v + 4*m = 2*m - 2136, 2 = -m. Let h = -346 - v. List the prime factors of h.
11, 17
Let b(r) = -11*r**3 + 34*r**2 + 35*r - 196. What are the prime factors of b(-14)?
2, 3, 7, 41
What are the prime factors of (-15 + 12 + -1527)/(-2)?
3, 5, 17
What are the prime factors of 2643*2 - (6 - (19 + -7))?
2, 3, 7
Suppose 2*v + 2*m + 8 = 0, 4*m + 4 + 0 = 0. Let l be 10 + -3*(-4)/v. Let j = 3 + l. What are the prime factors of j?
3
Let m(k) = 2*k**2 + k + 5. Let o be m(0). Suppose -5*g = -4*g + 5, o*j - 2875 = -5*g. What are the prime factors of j?
2, 5, 29
Let s be (-6)/(-24) - (-69)/(-4). Let x(j) = j**3 + 17*j**2 - 5*j - 10. Let n be x(-17). Let t = s + n. List the prime factors of t.
2, 29
Suppose c = -h - 8 + 5, -14 = 3*c - 2*h. Let z be c/(-18)*3 - (-298534)/183. Suppose -7*m = m - z. What are the prime factors of m?
2, 3, 17
Suppose -17*u + 78*u - 1045479 = 0. What are the prime factors of u?
3, 29, 197
Suppose 31*k - 32722 + 23903 = 74912. What are the prime factors of k?
37, 73
Suppose 0 = 11*g - 46 - 31. Suppose 14*x = g*x + 1085. What are the prime factors of x?
5, 31
Suppose 39*t - 40*t = 88. Let q = -46 - t. Suppose -4*b - q = -7*b. List the prime factors of b.
2, 7
Suppose 96*l = 87*l + 19512. Suppose -3 = -3*m, -2*w + 4*m + l = w. What are the prime factors of w?
2, 181
Let a(y) = -1792*y + 972. What are the prime factors of a(-23)?
2, 53, 199
Let b be (-4)/(-10) + (-8)/(120/21). Let q be (0 + b)*(-20)/10. Suppose 0 = q*o + 5*h - 534, 2*o - h + 225 = 783. List the prime factors of o.
277
Let n be (-3 - 3*(4 - 3))/(-2). Suppose 4 - n = -o. Let b(s) = -17*s**3 + s**2 - 2*s - 3. What are the prime factors of b(o)?
17
What are the prime factors of (-1724535)/(-35) - ((-143)/(-154) + 9/(-6))?
7, 7039
Let h = 2175 + 41188. List the prime factors of h.
103, 421
Let y(j) = 114*j**2 - 23*j + 54. List the prime factors of y(9).
3, 1009
Let k(o) = 1441*o + 3605. List the prime factors of k(33).
2, 25579
Suppose 0 = 3*r - 4*j - 87356, -4*r - 4*j = -76454 - 39946. List the prime factors of r.
2, 19, 383
Let a = -9155 + 10161. What are the prime factors of a?
2, 503
Let x(c) = -c**2 - 6*c - 9. Let q be x(-3). Suppose 0 = f + 2, -3*r - 2*r + 3*f + 541 = q. Suppose 9 = -o + r. List the prime factors of o.
2, 7
Let q(u) = 52*u**2 - 7*u - 4. Let k be q(-3). Let z = 705 - k. Suppose -12*g + z = -8*g. What are the prime factors of g?
5, 11
Suppose 0 = -3*a + 4*u + 123803, -270*a + 41312 = -269*a + 5*u. List the prime factors of a.
3, 13759
Let x = -29 - -59. Let q be (-43728)/20 + (-2)/(x/9). What are the prime factors of 2 + (2/6)/((-9)/q)?
83
Suppose 21 = -4*z + 177. Let l = z - 33. Suppose 0 = -x + l*x - 370. What are the prime factors of x?
2, 37
Let h(t) = -3 - 7 - 4 - 4 - 36*t. Let c be h(-6). Suppose -21 + c = 3*d. What are the prime factors of d?
59
Let r(j) = -j**3 - 2*j**2 - 2*j + 57. Let f(c) = c**2 - 3*c - 10. Let o be f(5). Suppose -4*b - 4*b + 3*b = o. List the prime factors of r(b).
3, 19
What are the prime factors of (15/((-585)/387452))/((-8)/6)?
7451
Let x be (-10)/(-4 + -1 + 3). Suppose 40 = x*v + c - 6*c, 0 = -5*v - 2*c + 19. Suppose -v*z + 5*k + 636 = 191, -4*k - 184 = -2*z. List the prime factors of z.
2, 43
Suppose 2*l = -4*o + 18, -19 = 11*o - 15*o - l. Suppose -9*i = -6*i + h - 949, 10 = -o*h. What are the prime factors of i?
317
Suppose 5*q = q + 220. Suppose -19 = 6*u - q. Suppose -2*y + 70 + u = 0. List the prime factors of y.
2, 19
Suppose 22*b - 14*b + 6784 = 0. Let d = b - -2365. List the prime factors of d.
37, 41
Let z = -47863 + 83294. What are the prime factors of z?
11, 3221
Let k(y) be the first derivative of y**2/2 + 4*y - 16. Let t be k(1). Suppose 0 = -3*i + 31 + t. List the prime factors of i.
2, 3
Let t(c) = 10*c**2 + c - 20. Suppose -34 = 4*w + a - 3*a, -2*w + 2*a = 20. Let g be t(w). Let b = g + -217. List the prime factors of b.
2, 3, 41
Let w be (-5)/1*4/(-5). Suppose w*q = -q + 45. Let p(x) = 8*x - 49. List the prime factors of p(q).
23
Let m(g) = -22*g**3 + 6*g**2 + 28*g + 6. Let x be m(-4). Let n = x + -229. What are the prime factors of n?
7, 167
Suppose -14*p + 192673 - 51581 = 0. What are the prime factors of p?
2, 5039
Let k = -13192 - -28326. Suppose k = 7*a + 16*a. List the prime factors of a.
2, 7, 47
Suppose 4*a - 15 = -3*i, -10 = 7*a - 2*a - 2*i. Suppose -4*k = -4, a = -6*p + 2*p + 5*k + 1367. What are the prime factors of p?
7
Suppose 2*b + 10 = 20. Suppose f + b = -9. Let m = 187 + f. What are the prime factors of m?
173
Let o(r) = -173*r - 2238. What are the prime factors of 